prime factors of d(-6).
7
Suppose -5*y + 2*y + 51 = 0. Suppose -y = 4*m - 53. What are the prime factors of m?
3
Suppose -12 = n - 2*n + 3*z, -4*z = n + 23. Let t = n - -3. Let k = 3 + t. What are the prime factors of k?
3
Suppose 4*g - 6 = 2*g. Suppose g*a - 30 = 27. List the prime factors of a.
19
Suppose -2*x = -x - 2. Suppose 4*h = -x*t + 42, -3*h - 5*t - 6 = -41. List the prime factors of h.
2, 5
Let u = 253 - 118. What are the prime factors of u?
3, 5
Let o be ((-2)/6)/(3/(-27)). List the prime factors of 3/2*4/o.
2
Let a(k) = -k**3 - 7*k**2 + 12*k + 3. List the prime factors of a(-9).
3, 19
Suppose 7*s = s + 66. What are the prime factors of s?
11
Suppose -3*m - 3*i + 4*i + 92 = 0, 4*m + 3*i = 127. Suppose -2*u + 5 = r - 7, 5*u - m = -3*r. List the prime factors of r.
2
Let d be (6/(-4))/((-3)/8). Let y = 11 - d. What are the prime factors of y?
7
Let x(v) = v**2 - v + 2. Let f be x(1). List the prime factors of f - 2 - -1 - -22.
23
List the prime factors of ((20/(-3))/(-1))/((-10)/(-15)).
2, 5
Suppose -3 = -3*m - 0. Let r(n) = n - 1 + 0*n**2 + 3*n**3 + 3*n**2 - 4*n**2. List the prime factors of r(m).
2
Suppose -2 = h - 3. What are the prime factors of 32 + (0 - h - 0)?
31
Let y(c) = -7*c - 6*c**2 + 13*c**2 + 1 - 3 + 4 - c**3. List the prime factors of y(5).
17
Suppose 2*d - 4 = -0. List the prime factors of -3 - 2*(-11)/d.
2
Suppose 0 = -y + 4*r + 155, 2*y = -0*r + 2*r + 340. Suppose -4*c + 100 = 2*k, -4*k + 5*c = k - y. What are the prime factors of k?
2, 5
Let q(h) = 13*h + 1. Suppose -2*l = 4*r + 18, 5 = l - 5*r - 21. What are the prime factors of q(l)?
2, 7
Suppose 0 = 2*t - c + 16, -4*t - 39 = t - 2*c. Let j(r) = r + 7. Let m be j(t). Suppose 5*z - 39 - 1 = m. What are the prime factors of z?
2
Let m = 1 - 5. List the prime factors of (-18)/(-4) + 2/m.
2
What are the prime factors of 2*19/(-4)*-6?
3, 19
Let w(r) = 12*r**2 + 2*r + 2. Let v be w(-2). Suppose -26 = -4*p + v. Suppose -72 = -5*z + 4*g, 2*g = -0*z - 2*z + p. What are the prime factors of z?
2, 3
Let x be (37 - 3)*(-2)/(-4). Let t = 29 - x. Suppose t = 5*i - i. List the prime factors of i.
3
Let b = 4 + 11. Suppose -9 - 13 = -3*k - 5*m, b = 2*k + 3*m. What are the prime factors of k?
3
Suppose 3*k - 5 = -2*k. List the prime factors of (k - 3)/(6/(-99)).
3, 11
Suppose i + 0 = 1. Let a = 17 - i. What are the prime factors of a?
2
Let n(u) = 3*u**2 + 2*u + 1. Let v be n(-1). Suppose m - 14 = 3*g, -v*m + 2*g + 0*g + 8 = 0. What are the prime factors of 4/(-8)*(-21 + m)?
11
Suppose -4*w = -4*z + 68, -z - 3*w + 45 = 4*z. List the prime factors of z.
2, 3
Suppose -2*v + 173 = -5*x - 58, -4*x - 117 = -v. What are the prime factors of v?
113
Suppose 4*z + z - 5 = 0. Let l(m) = m**2 - 19*m + 4. Let x be l(19). List the prime factors of (-49)/(-4) - z/x.
2, 3
Let p(l) = l**3 + 16*l**2 + 19*l - 10. List the prime factors of p(-14).
2, 29
Let w be (-80)/(-12) + (-1)/(-3). Suppose 2*p - 2*z = 42, -w*p + 2*p = -3*z - 107. What are the prime factors of p?
2, 11
Let l(v) = -v**3 + v**2 - v + 34. List the prime factors of l(0).
2, 17
Suppose -2*y + 2 = -2. Suppose -16 = -y*q - 2*q. List the prime factors of q.
2
Let i(r) = -2*r**2 - 3*r - 2. Let v be i(-3). Let z = -3 - v. What are the prime factors of z?
2
Suppose -3*b = -5*b + 4. Let d = 5 + b. List the prime factors of d.
7
Let v be ((-48)/10)/((-3)/15). Suppose -4*u = -l - 12, 2*l = -u - 3*l + v. List the prime factors of u.
2
Let b = -249 - -378. What are the prime factors of b?
3, 43
Let k = -6 + 10. Suppose -4*s - 5*d = 38, -k*s + 3*d = -38 + 92. What are the prime factors of (6/(-9))/(2/s)?
2
Suppose -t = -5, 0 = 3*y - 3*t - 2*t + 28. What are the prime factors of ((-12)/(-24))/(y/(-78))?
3, 13
Let p(t) be the first derivative of -1/4*t**4 + t**3 + t**2 - 1 + 0*t. List the prime factors of p(3).
2, 3
Suppose -3*j - 5*o = -9, -3*o - 10 = -4*j + 2. Suppose -4*x + 4 = -j*x. List the prime factors of x.
2
Let t = -37 - -22. Let w = t - -3. List the prime factors of (-57)/(-12) + (-3)/w.
5
List the prime factors of (-109)/(-4) + (-4)/16.
3
Suppose -3*w - 179 = -752. Suppose 2*t + j - 73 = 4*j, 3*j - w = -4*t. What are the prime factors of t?
2, 11
Let t be 2/4*(-4 + 4). Suppose -4*q = -3*h + 11, t = h - 3*q - 0*q + 3. What are the prime factors of h?
3
Suppose -3*c - 21 = -4*c. What are the prime factors of c?
3, 7
Let j(g) = -13*g**3 - 3*g**2 + 6*g. What are the prime factors of j(-3)?
2, 3, 17
Let p(t) = 9*t**2 - 2*t + 1. Suppose 2*d - 4*d + 5*u + 2 = 0, 5 = 5*d + 5*u. List the prime factors of p(d).
2
Suppose -4*r + 90 = r. What are the prime factors of r?
2, 3
Let s(u) = 5*u - 14. List the prime factors of s(14).
2, 7
Let q(u) = 11*u**2 - 1. Let p be ((-2)/(-3))/1*3. Let v be 0 - (-2*1)/p. What are the prime factors of q(v)?
2, 5
Suppose k + 4*k - 169 = 3*i, k + 2*i - 39 = 0. List the prime factors of k.
5, 7
Suppose -2*t = -0 - 8. Suppose -2*r + 6 = t*c, -2*r - 3*r = 4*c - 15. Let i = 4 - c. List the prime factors of i.
2
Let d(m) = -25*m**3 - m**2 + 2*m - 1. Let s be d(1). What are the prime factors of 4/(-10) - 310/s?
2, 3
Let c = 4 + -2. Suppose c = -d + 10. What are the prime factors of d?
2
Suppose 0*d - 4*d + 52 = 0. Let t = d - 0. What are the prime factors of t?
13
Let w = -41 + 29. Suppose -42 = 2*r - 3*i, -3*r - 2*r - 147 = 3*i. Let b = w - r. What are the prime factors of b?
3, 5
Suppose -4*m = -10 + 2. Suppose -4*z = -5*a - 42, 3*a - 41 = -3*z + m*a. Suppose -c - 1 = -z. What are the prime factors of c?
2, 3
List the prime factors of -15 - -18 - 56/((-2)/1).
31
Let i be (-2 - (-6 - -1)) + 0. Suppose 17 = 3*o + 5*l - 3, 0 = 3*o - i*l - 36. What are the prime factors of o?
2, 5
Suppose i = 4*j + j - 30, 0 = j - 4. Suppose 26*a - 29*a - 24 = 0. Let g = a - i. List the prime factors of g.
2
Let z = -12 + 21. Let i(y) = y + 6. List the prime factors of i(z).
3, 5
Suppose 0 = -4*s - 0*s + 8. Suppose -s*o = 2*o - 60. List the prime factors of o.
3, 5
Let u(r) be the second derivative of r + 1/6*r**3 + 0 + 9/2*r**2. What are the prime factors of u(7)?
2
Let o(i) = -i**2 + 2*i**2 + 2 + 7 + i**3 - 2. List the prime factors of o(0).
7
Let d(g) = 4*g + 3. Let k be d(-3). List the prime factors of (-49)/(-3) + 3/k.
2
Let n = 2 - -7. List the prime factors of n.
3
Let v(y) = y**3 + 3*y**2 + 13*y - 5. List the prime factors of v(5).
2, 5, 13
Let w = -48 - -64. What are the prime factors of w?
2
Let b be (-1)/5 - 33/(-15). Let h(k) = b + 2*k + k + 2*k**2 + 1. List the prime factors of h(-3).
2, 3
Let x(t) = -t + 7. Let i be x(4). Suppose -3*u + 4*l - 22 = 2*l, 0 = -5*u - i*l - 43. Let h = 19 + u. What are the prime factors of h?
11
Let t be ((-5)/(-3))/((-6)/(-18)). Suppose -136 = -t*j + 49. List the prime factors of j.
37
Suppose 2*l + 3 = 3*l. Suppose -19 = -4*w + 2*y + 11, -3 = -w + 5*y. Let k = w - l. List the prime factors of k.
5
What are the prime factors of (73/4)/(2/16)?
2, 73
Let j(f) = -f**2 - 14*f - 20. Let r = -15 - -7. What are the prime factors of j(r)?
2, 7
Let v = 362 - 145. List the prime factors of v.
7, 31
Let f(w) = w**3 - 11*w**2 + 9*w + 14. Suppose 5*n = -2*d + 85, -d + 20 = 5*n - 15. Suppose -r - 4*r + d = 0. List the prime factors of f(r).
2
Let c(m) = -3*m**2 - m. Let v be c(1). Let t = 14 + v. List the prime factors of t.
2, 5
Let q = 4 - -11. What are the prime factors of q?
3, 5
Let j = 15 + -8. Suppose -4*f - r + 76 = 0, 5*f + j*r = 3*r + 106. List the prime factors of f.
2, 3
Let b(f) = -8*f - 2*f**2 + f**2 + 0*f**2 - 1. Let c be b(-8). Let l(z) = 6*z**2 + 2*z + 1. List the prime factors of l(c).
5
Let w(l) = 7*l - 4. Let b(j) = j**3 - 2*j**2 + 2*j. Let f be b(2). Let u be w(f). Let m = u - 10. List the prime factors of m.
2, 7
Let c be (-1)/((3/(-45))/1). Suppose -4*i + c = -13. Suppose -3*a - 40 = -i*a. What are the prime factors of a?
2, 5
Suppose -4*s + 595 = 215. List the prime factors of s.
5, 19
Let h be ((-3 - -13) + -2)/2. Let l be h/(-6)*(73 + -1). What are the prime factors of ((-2)/(-4))/((-4)/l)?
2, 3
Let d(u) be the third derivative of u**5/30 - u**4/8 - 5*u**2. List the prime factors of d(3).
3
Let o = 273 - 162. List the prime factors of o.
3, 37
Let z = -108 + 190. What are the prime factors of z?
2, 41
Let z(k) = k**3 - 11*k**2 + 21*k + 6. What are the prime factors of z(10)?
2, 29